, 5, 97
List the prime factors of 23622.
2, 3, 31, 127
What are the prime factors of 3795?
3, 5, 11, 23
List the prime factors of 13729.
13729
What are the prime factors of 22324?
2, 5581
List the prime factors of 2130.
2, 3, 5, 71
What are the prime factors of 285?
3, 5, 19
What are the prime factors of 6929?
13, 41
List the prime factors of 61122.
2, 3, 61, 167
What are the prime factors of 1607?
1607
List the prime factors of 4360.
2, 5, 109
What are the prime factors of 1827?
3, 7, 29
What are the prime factors of 3897?
3, 433
List the prime factors of 10286.
2, 37, 139
What are the prime factors of 7834?
2, 3917
What are the prime factors of 4707?
3, 523
What are the prime factors of 13343?
11, 1213
What are the prime factors of 71939?
7, 43, 239
What are the prime factors of 65?
5, 13
List the prime factors of 8298.
2, 3, 461
List the prime factors of 29964.
2, 3, 11, 227
List the prime factors of 2907.
3, 17, 19
What are the prime factors of 1235?
5, 13, 19
What are the prime factors of 8591?
11, 71
List the prime factors of 74.
2, 37
What are the prime factors of 32817?
3, 10939
What are the prime factors of 1315?
5, 263
List the prime factors of 6191.
41, 151
List the prime factors of 114681.
3, 7, 43, 127
List the prime factors of 159540.
2, 3, 5, 2659
List the prime factors of 91451.
109, 839
What are the prime factors of 99715?
5, 7, 11, 37
What are the prime factors of 90092?
2, 101, 223
What are the prime factors of 74289?
3, 24763
What are the prime factors of 91589?
67, 1367
List the prime factors of 358.
2, 179
What are the prime factors of 5042?
2, 2521
List the prime factors of 257.
257
What are the prime factors of 8001?
3, 7, 127
What are the prime factors of 8252?
2, 2063
List the prime factors of 9867.
3, 11, 13, 23
List the prime factors of 3951.
3, 439
What are the prime factors of 1021?
1021
What are the prime factors of 39065?
5, 13, 601
What are the prime factors of 4749?
3, 1583
List the prime factors of 2201.
31, 71
What are the prime factors of 3389?
3389
What are the prime factors of 512?
2
What are the prime factors of 9119?
11, 829
What are the prime factors of 5416?
2, 677
List the prime factors of 4003.
4003
What are the prime factors of 2005?
5, 401
What are the prime factors of 5235?
3, 5, 349
List the prime factors of 333.
3, 37
List the prime factors of 19257.
3, 7, 131
What are the prime factors of 823?
823
List the prime factors of 842.
2, 421
What are the prime factors of 3577?
7, 73
List the prime factors of 3554.
2, 1777
What are the prime factors of 1372?
2, 7
List the prime factors of 79.
79
What are the prime factors of 6713?
7, 137
What are the prime factors of 15363?
3, 569
What are the prime factors of 3918?
2, 3, 653
List the prime factors of 12814.
2, 43, 149
List the prime factors of 61245.
3, 5, 1361
What are the prime factors of 1845?
3, 5, 41
What are the prime factors of 9044?
2, 7, 17, 19
What are the prime factors of 24135?
3, 5, 1609
What are the prime factors of 507?
3, 13
List the prime factors of 4933.
4933
What are the prime factors of 45205?
5, 9041
What are the prime factors of 991?
991
What are the prime factors of 13708?
2, 23, 149
What are the prime factors of 1871?
1871
List the prime factors of 1283.
1283
What are the prime factors of 3118?
2, 1559
What are the prime factors of 5302?
2, 11, 241
List the prime factors of 63374.
2, 31687
What are the prime factors of 720?
2, 3, 5
What are the prime factors of 23?
23
List the prime factors of 27417.
3, 13, 19, 37
List the prime factors of 16969.
71, 239
List the prime factors of 922.
2, 461
List the prime factors of 4222.
2, 2111
List the prime factors of 834.
2, 3, 139
List the prime factors of 3108.
2, 3, 7, 37
What are the prime factors of 24789?
3, 8263
What are the prime factors of 13179?
3, 23, 191
What are the prime factors of 8079?
3, 2693
List the prime factors of 97176.
2, 3, 4049
List the prime factors of 61327.
7, 8761
List the prime factors of 107790.
2, 3, 5, 3593
List the prime factors of 81089.
131, 619
List the prime factors of 1188.
2, 3, 11
What are the prime factors of 6658?
2, 3329
What are the prime factors of 702?
2, 3, 13
What are the prime factors of 9151?
9151
List the prime factors of 17266.
2, 89, 97
What are the prime factors of 23140?
2, 5, 13, 89
List the prime factors of 3536.
2, 13, 17
List the prime factors of 1206.
2, 3, 67
List the prime factors of 48099.
3, 16033
What are the prime factors of 4211?
4211
What are the prime factors of 14573?
13, 19, 59
What are the prime factors of 648?
2, 3
List the prime factors of 3448.
2, 431
What are the prime factors of 6510?
2, 3, 5, 7, 31
What are the prime factors of 531?
3, 59
List the prime factors of 4075.
5, 163
What are the prime factors of 3542?
2, 7, 11, 23
What are the prime factors of 1188?
2, 3, 11
List the prime factors of 14850.
2, 3, 5, 11
List the prime factors of 5334.
2, 3, 7, 127
List the prime factors of 11889.
3, 1321
What are the prime factors of 4774?
2, 7, 11, 31
List the prime factors of 574.
2, 7, 41
List the prime factors of 73453.
73453
List the prime factors of 1391.
13, 107
List the prime factors of 2361.
3, 787
List the prime factors of 52127.
52127
List the prime factors of 143889.
3, 47963
What are the prime factors of 8694?
2, 3, 7, 23
What are the prime factors of 108630?
2, 3, 5, 17, 71
List the prime factors of 9017.
71, 127
What are the prime factors of 577?
577
List the prime factors of 38665.
5, 11, 19, 37
List the prime factors of 25014.
2, 3, 11, 379
List the prime factors of 42531.
3, 14177
What are the prime factors of 12773?
53, 241
What are the prime factors of 47163?
3, 79, 199
List the prime factors of 29.
29
List the prime factors of 156.
2, 3, 13
What are the prime factors of 74803?
19, 31, 127
What are the prime factors of 1831?
1831
What are the prime factors of 1146?
2, 3, 191
List the prime factors of 5565.
3, 5, 7, 53
What are the prime factors of 814?
2, 11, 37
List the prime factors of 10529.
10529
List the prime factors of 495.
3, 5, 11
What are the prime factors of 22698?
2, 3, 13, 97
List the prime factors of 5629.
13, 433
List the prime factors of 4658.
2, 17, 137
What are the prime factors of 1991?
11, 181
What are the prime factors of 176?
2, 11
What are the prime factors of 22902?
2, 3, 11, 347
List the prime factors of 3787.
7, 541
List the prime factors of 56222.
2, 28111
What are the prime factors of 2257?
37, 61
List the prime factors of 3630.
2, 3, 5, 11
List the prime factors of 15977.
13, 1229
List the prime factors of 52980.
2, 3, 5, 883
What are the prime factors of 2370?
2, 3, 5, 79
What are the prime factors of 334?
2, 167
List the prime factors of 2949.
3, 983
What are the prime factors of 89?
89
List the prime factors of 57100.
2, 5, 571
List the prime factors of 37439.
29, 1291
What are the prime factors of 2764?
2, 691
What are the prime factors of 107?
107
What are the prime factors of 7548?
2, 3, 17, 37
List the prime factors of 6302.
2, 23, 137
What are the prime factors of 30275?
5, 7, 173
List the prime factors of 10498.
2, 29, 181
List the prime factors of 32570.
2, 5, 3257
What are the prime factors of 41?
41
List the prime factors of 113468.
2, 19, 1493
What are the prime factors of 760?
2, 5, 19
What are the prime factors of 3152?
2, 197
What are the prime factors of 1250?
2, 5
List the prime factors of 292.
2, 73
List the prime factors of 902.
2, 11, 41
List the prime factors of 6875.
5, 11
What are the prime factors of 27368?
2, 11, 311
List the prime factors of 1916.
2, 479
List the prime factors of 5004.
2, 3, 139
List the prime factors of 5762.
2, 43, 67
What are the prime factors of 3388?
2, 7, 11
List the prime factors of 77111.
29, 2659
What are the prime factors of 1786?
2, 19, 47
List the prime factors of 2313.
3, 257
What are the prime factors of 30739?
59, 521
List the prime factors of 21915.
3, 5, 487
List the prime factors of 35.
5, 7
List the prime factors of 3795.
3, 5, 11, 23
List the prime factors of 3327.
3, 1109
List the prime factors of 8759.
19, 461
What are the prime factors of 484?
2, 11
What are the prime factors of 26014?
2, 13007
What are the prime factors of 22365?
3, 5, 7, 71
What are the prime factors of 93?
3, 31
List the prime f